{"id":1172,"date":"2024-04-23T14:16:34","date_gmt":"2024-04-23T14:16:34","guid":{"rendered":"https:\/\/woodstauhn.ci\/?post_type=product&#038;p=1172"},"modified":"2024-12-02T12:48:04","modified_gmt":"2024-12-02T12:48:04","slug":"maison-en-ossature-bois-strong-room-2","status":"publish","type":"product","link":"https:\/\/woodstauhn.ci\/index.php\/product\/maison-en-ossature-bois-strong-room-2\/","title":{"rendered":"Maison en ossature bois \u00ab\u00a0Strong room 2\u00a0\u00bb"},"content":{"rendered":"<p>Maison en ossature bois \u00ab\u00a0Strong room 2\u00a0\u00bb<\/p>\n","protected":false},"excerpt":{"rendered":"<p>La Maison en ossature bois \u00ab\u00a0Strong room 2\u00a0\u00bb est un bureau et salle de sport r\u00e9alis\u00e9 sur une surface a partir de 10m2. Avec un int\u00e9rieur totalement fait de bois.<\/p>\n","protected":false},"featured_media":1175,"comment_status":"open","ping_status":"closed","template":"","meta":{"_et_pb_use_builder":"","_et_pb_old_content":"","_et_gb_content_width":""},"product_brand":[],"product_cat":[32],"product_tag":[49],"class_list":{"0":"post-1172","1":"product","2":"type-product","3":"status-publish","4":"has-post-thumbnail","6":"product_cat-maison-en-ossature-bois","7":"product_tag-maison-cle-en-main","9":"first","10":"instock","11":"shipping-taxable","12":"product-type-simple"},"_links":{"self":[{"href":"https:\/\/woodstauhn.ci\/index.php\/wp-json\/wp\/v2\/product\/1172","targetHints":{"allow":["GET"]}}],"collection":[{"href":"https:\/\/woodstauhn.ci\/index.php\/wp-json\/wp\/v2\/product"}],"about":[{"href":"https:\/\/woodstauhn.ci\/index.php\/wp-json\/wp\/v2\/types\/product"}],"replies":[{"embeddable":true,"href":"https:\/\/woodstauhn.ci\/index.php\/wp-json\/wp\/v2\/comments?post=1172"}],"wp:featuredmedia":[{"embeddable":true,"href":"https:\/\/woodstauhn.ci\/index.php\/wp-json\/wp\/v2\/media\/1175"}],"wp:attachment":[{"href":"https:\/\/woodstauhn.ci\/index.php\/wp-json\/wp\/v2\/media?parent=1172"}],"wp:term":[{"taxonomy":"product_brand","embeddable":true,"href":"https:\/\/woodstauhn.ci\/index.php\/wp-json\/wp\/v2\/product_brand?post=1172"},{"taxonomy":"product_cat","embeddable":true,"href":"https:\/\/woodstauhn.ci\/index.php\/wp-json\/wp\/v2\/product_cat?post=1172"},{"taxonomy":"product_tag","embeddable":true,"href":"https:\/\/woodstauhn.ci\/index.php\/wp-json\/wp\/v2\/product_tag?post=1172"}],"curies":[{"name":"wp","href":"https:\/\/api.w.org\/{rel}","templated":true}]}}